ite number?
True
Let d be (-30)/(-12)*(-2 + 3 + 1). Suppose d*o - 657 = 598. Is o composite?
False
Let t(f) = f + 248. Let x be t(0). Let k(y) = -y**3 - 6*y**2 + 3*y - 22. Let v be k(-7). Suppose v*z - x = 2*z. Is z prime?
False
Let y(k) = -21*k + 8. Let n be y(-9). Suppose -2*f + 3*o = -399, -4*o = -f - 5*o + n. Suppose -f = -4*t - z, -t + 2*z = -39 - 6. Is t a prime number?
False
Suppose -2*x - 5*m = x - 7263, -4*m = -2*x + 4820. Suppose 6*b - 3*b = -9, -2*t - 4*b + x = 0. Is t prime?
False
Let q(x) = 70*x + 264. Is q(43) a composite number?
True
Let i = -7 - 44. Let c be 2 - (-3)/1 - 3345/(-15). Let d = c + i. Is d prime?
False
Let l = 46118 + 8567. Is l a prime number?
False
Suppose -55 = 2*b + 333. Let f(l) = -7*l**2 + l + 5. Let u be f(-4). Let m = u - b. Is m composite?
False
Suppose -f - 5*v = -28 + 8, 0 = v - 2. Suppose 2 + f = -3*n, 3*t + n - 335 = 0. Is t a composite number?
False
Let i(a) be the second derivative of 14*a**3/3 + 4*a**2 - 7*a. Let o be i(6). Suppose -2*h + o = -0*q - 2*q, -4*h - 4*q = -344. Is h a prime number?
False
Let m(v) be the second derivative of 0 - 25/2*v**3 + 8*v**2 + 13*v. Is m(-7) a composite number?
False
Suppose 14*v = 11*v + 8967. Let i = v - 1826. Is i a composite number?
False
Let q(h) = 3*h - 23. Let c be q(5). Is (21354/(-8))/(-3) - (-6)/c composite?
True
Let w be ((-60)/24)/(1/(-2)). Suppose 0 = -w*u - 3*r + 198, 6*r - 160 = -4*u + 2*r. Is u a prime number?
False
Suppose -5*w + 208082 = 4*h, -2*w = 16*h - 21*h + 260119. Is h a composite number?
True
Suppose 123*v - 95871 = 120*v. Is v a prime number?
True
Suppose -5 + 41 = 4*k. Let m = -1 + k. Is 3/(-4) + 8782/m a prime number?
True
Suppose i - 21 = -6*i. Suppose -47 = -i*w + 2*w. Is w a prime number?
True
Let x = -93 + 764. Is x a composite number?
True
Suppose 801 = 5*w - 2*z, -2*z - 479 = -5*w + 2*w. Suppose -14*b + 13*b + w = 0. Is b a composite number?
True
Suppose 2*i + k = 19238, -9*k + 4*k - 19238 = -2*i. Is i composite?
False
Suppose -42346 = -25*s - 3921. Is s composite?
True
Is (-4)/(-26) - 564786/(-78) a composite number?
True
Let j(y) = -y**2 + y + 10. Let w be j(0). Let i = w + -6. Suppose -4*b - 614 = -4*n + 694, -5*b + 1344 = i*n. Is n composite?
False
Suppose 0*z - z + 294 = n, 5*n + 3*z = 1470. Let v = n - -251. Is v a prime number?
False
Suppose -2*i + 4*t - 3*t = 7, 5 = 5*i + 2*t. Let a be 3 + -1 + i + -1. Suppose -n - 4*n + 4*f = -731, a = 4*n + f - 568. Is n a composite number?
True
Suppose 3*u + 0*t - 48 = 5*t, 3*u + t = 30. Suppose 4*v + u = 7*v - 5*a, 2*v - 4*a = 8. Is (4/(-2))/(v/(-367)) a composite number?
False
Let k(p) = -41*p + 6. Let a(g) = -g**3 + 9*g**2 - 9*g + 1. Let u be a(8). Is k(u) prime?
True
Let v(c) = 199*c - 1. Suppose -4*f + 4 = -20. Is v(f) a prime number?
True
Is -1*237*5/(-15) composite?
False
Let j be 9392/24*6/1. Is (-2 + -1)/((-12)/j) a prime number?
True
Suppose 5*s + 52 = 872. Let j be (2 - 115) + (-4)/(-2). Let i = s + j. Is i composite?
False
Let u = 1357 - 398. Is u a composite number?
True
Is 31912/(-6)*18/(-24) a composite number?
False
Suppose 9*l - 22497 = 6*l. Is l composite?
False
Is 821*(-4 + 10 - -5) prime?
False
Let u be -3 - 9/(-6)*2. Suppose u*w = -3*w + 1311. Is w a prime number?
False
Suppose 2*q + 6 = -658. Suppose 193 = 3*i + d - 3*d, -3*i + d = -194. Let l = i - q. Is l composite?
False
Let g = 17 + -15. Suppose -g*m - 3*m = 2*p - 2443, 5*m = 2*p + 2427. Suppose 5*s = -2*z + 31 + m, -2*z = 4*s - 522. Is z a composite number?
False
Suppose a + 3*a = 0, -5*s + 150 = 4*a. Suppose s = 2*i + 2*b, 5*b = 2*i - 64 - 1. Suppose i = 3*g - 73. Is g composite?
False
Let d = 91763 + -52506. Is d prime?
False
Suppose 2*a - 19 + 7 = 0. Let y be (-1)/a*-3*4. Suppose -425 = y*j - 7*j. Is j prime?
False
Suppose 0 = 33*b - 1819 - 6563. Is b a composite number?
True
Let w be (-1 + -1 - -3)*14. Suppose -g - n + 3*n = -w, -g + 3*n = -16. Is (-4)/g - 374/(-10) composite?
False
Let g = 90 + -87. Suppose 5*r + 1000 = -g*p + 4217, -5*r + p + 3201 = 0. Is r composite?
False
Let u(r) = -r - 8. Let s be u(-13). Suppose -173 = s*o - 1803. Is o composite?
True
Is 8*(-13)/(-2)*5 - 3 a composite number?
False
Let g(j) = -j**3 - 9*j**2 - 10*j - 10. Let c be g(-8). Suppose k = u - 321, k = u + c*k - 297. Is u a prime number?
True
Suppose 0 = -s + 30 + 185. Let q = 890 - s. Let w = -178 + q. Is w a prime number?
False
Let z be (-115257)/(-15) + 52/(-65). Suppose 5309 = 5*d + 2*u, 5*d = 4*u - 2386 + z. Is d a prime number?
True
Let k(j) = -4 + 21*j - 11*j + 5 + 24*j. Let a be (-3)/((2 - 3)/1). Is k(a) composite?
False
Suppose 4*y + y = 3*p + 5, 4*y - 36 = -4*p. Suppose -p*g + 1465 + 2460 = 0. Is g a prime number?
False
Let c = 2322 - 391. Is c composite?
False
Suppose 6418 = t + 2625. Is t prime?
True
Suppose 8*n + 5*n = 86593. Is n a composite number?
False
Let l be -10 - -13 - (1 + 7). Is (-4446)/l + 2/(-10) prime?
False
Let t = -1339 + 2114. Suppose 15 = -5*p, t = 2*s - 0*s - p. Is s composite?
True
Let i = 323 + 346. Is i composite?
True
Let z = 49 - 34. Let n be (-2)/4 + (-1)/(-2). Is z/5 - (n + -86) a prime number?
True
Suppose 0 = -r + 12278 + 1841. Is r a composite number?
True
Suppose -3*j = -2*j. Let v(f) = f + 13. Let t be v(-10). Suppose 2*w - t*w + 55 = j. Is w prime?
False
Let a be (-22)/165 - 7877/(-15). Let z = a - -166. Is z a composite number?
False
Let z = 5 - 5. Suppose 3*u + 3*u - 1986 = z. Is u a prime number?
True
Let q(d) = -3*d - 5. Let a(y) = y**3 - 8*y**2 + 8*y - 10. Let j be a(7). Let m be q(j). Let k(t) = 98*t**2 - 8*t - 1. Is k(m) a prime number?
False
Suppose -282049 = -2*t + 3*h, -5*t + 133114 = -5*h - 572006. Is t a composite number?
False
Let f(t) = -11*t + 4*t - 11*t - 3*t - 9. Let l be f(-2). Let h = -29 + l. Is h a prime number?
False
Suppose 3*n - 4*z - 7 = 0, n - z - 1 = 1. Is (673*n/(-2))/((-4)/8) a composite number?
False
Let x = -77 + 81. Suppose -x*v - 2510 = -6*v. Is v a prime number?
False
Let u = -9 - -9. Suppose -3*f + 5*f - 196 = u. Suppose f = 3*a - t, -2*t + 6*t = -2*a + 84. Is a prime?
False
Suppose -10*l = -8*l - 1314. Let z = 904 + l. Is z a composite number?
True
Suppose z + 483 = 4*y - 4*z, z = 1. Suppose -5*r = -497 + y. Let p = r + 82. Is p a prime number?
True
Let p(d) = -2083*d**3 - 2*d**2 - 2*d - 1. Let x be p(-1). Let u = x - 823. Is u a composite number?
False
Let x(g) = 28*g**2 + 72*g - 15. Is x(14) a composite number?
False
Suppose 3*z = -4 - 5. Is -1 + 48/((-3)/z)*19 prime?
True
Suppose -25 - 3 = 4*l. Let u(i) = -2*i - 12. Let y be u(l). Suppose y*b - 1615 = -3*r, 0*r - 5*r + 2685 = 5*b. Is r a composite number?
False
Let r = -11461 - -51560. Is r composite?
False
Let z = -594 - -1151. Is z composite?
False
Let j be (14/(-49) + (-206)/14)*-1. Suppose 12*q - j*q = -2067. Is q prime?
False
Let o be (18/(-5))/(3/130). Suppose -91*b = -90*b - 319. Let r = o + b. Is r prime?
True
Let c = 25733 - 15334. Is c a prime number?
True
Let y(n) = n**2 - 5*n - 19. Let v be y(8). Suppose -v*o + 4*l + 6091 = 0, 0 = -3*o + 3*l + l + 3653. Is o prime?
False
Suppose 2*z - 9 + 13 = 0. Is ((-1)/z)/(1/298) a prime number?
True
Let a = -2928 + 7097. Is a prime?
False
Let o be 2/(-5) + 4327/5. Suppose 0 = -2*v - o - 4213. Let n = v - -4506. Is n a composite number?
True
Let g(r) = -65*r**2 + 3*r + 4. Let i be g(-3). Is (1917/(-135))/(2/i) a prime number?
False
Let j(b) = 9*b + 6. Suppose 4*c - t + 6*t = 28, 0 = -4*c + t + 52. Let w be j(c). Let x = w - 31. Is x a composite number?
False
Suppose 25 - 9 = -4*p. Let i(d) = 16*d**2 - d - 9. Is i(p) a prime number?
True
Let l(n) = 15*n**2 + 20*n - 20. Let d be l(-17). Suppose w - d = 4*w. Is -1*w/(-15)*-3 composite?
True
Let h be 1/(-3) + (-7904)/(-6). Suppose -2*l + h = 3*f, 4*f + 273 = -5*l + 2029. Is f a composite number?
False
Let z be (-6)/(-2) + (-3 - -6). Is ((-898)/z)/((-9)/54) composite?
True
Let z(g) be the second derivative of g**5/10 - g**4/12 - 3*g**3/2 - 17*g**2/2 - 5*g. Is z(10) prime?
False
Let x(t) = -t**3 + t**2 + t - 1. Let s be x(2). Let g be 5 + 0 + s - -150. Suppose g = p + 5*w - 0*w, 4*p = -4*w + 528. Is p prime?
True
Suppose -72 = -3*q - 3*q. Suppose -5*j + 7*j = q. Is j a composite number?
True
Suppose -39*a - 649644 = -51*a. Is a prime?
False
Suppose 6*d + 1050 = 11*d - 5*v, -d - 4*v = -215. Is d a 